 5, 7, 17, 2693
List the prime factors of 239502.
2, 3, 179, 223
What are the prime factors of 19956776?
2, 7, 17, 20963
What are the prime factors of 881896?
2, 110237
What are the prime factors of 273264?
2, 3, 5693
List the prime factors of 849835.
5, 7, 24281
What are the prime factors of 182510?
2, 5, 18251
What are the prime factors of 421102?
2, 11, 19141
List the prime factors of 2328817.
37, 113, 557
List the prime factors of 2224426.
2, 61, 18233
List the prime factors of 3240657.
3, 7, 51439
What are the prime factors of 496174?
2, 7, 61, 83
List the prime factors of 75046.
2, 157, 239
List the prime factors of 186173.
13, 14321
What are the prime factors of 4838882?
2, 19, 29, 4391
List the prime factors of 3110811.
3, 11, 107, 881
What are the prime factors of 805523?
805523
List the prime factors of 186681.
3, 11, 5657
List the prime factors of 2353713.
3, 47, 16693
List the prime factors of 12205754.
2, 11, 31, 1627
List the prime factors of 166443.
3, 109, 509
List the prime factors of 51247.
7, 7321
What are the prime factors of 314003?
314003
What are the prime factors of 74479?
71, 1049
What are the prime factors of 1342652?
2, 335663
List the prime factors of 1705109.
7, 243587
What are the prime factors of 1906397?
17, 127, 883
List the prime factors of 5921826.
2, 3, 71, 13901
List the prime factors of 29714086.
2, 14857043
What are the prime factors of 8308039?
257, 32327
List the prime factors of 5079039.
3, 7, 17, 41, 347
What are the prime factors of 324982?
2, 7, 139, 167
What are the prime factors of 2343290?
2, 5, 31, 7559
What are the prime factors of 77350?
2, 5, 7, 13, 17
What are the prime factors of 35732?
2, 8933
What are the prime factors of 1137457?
1137457
List the prime factors of 12500107.
179, 69833
List the prime factors of 670234.
2, 335117
List the prime factors of 366516.
2, 3, 10181
What are the prime factors of 3378878?
2, 73, 23143
What are the prime factors of 7833422?
2, 29, 135059
What are the prime factors of 21746987?
59, 368593
What are the prime factors of 2682202?
2, 1341101
What are the prime factors of 200301?
3, 179, 373
List the prime factors of 1992405.
3, 5, 43, 3089
What are the prime factors of 10535549?
67, 157247
List the prime factors of 791299.
17, 89, 523
What are the prime factors of 508220?
2, 5, 25411
What are the prime factors of 446607?
3, 7, 17, 139
What are the prime factors of 235990?
2, 5, 23599
List the prime factors of 169856.
2, 1327
List the prime factors of 370778.
2, 67, 2767
List the prime factors of 5945751.
3, 7, 163, 193
What are the prime factors of 29529628?
2, 7382407
What are the prime factors of 2185548?
2, 3, 182129
List the prime factors of 152680.
2, 5, 11, 347
What are the prime factors of 15748680?
2, 3, 5, 37, 3547
What are the prime factors of 300998?
2, 19, 89
List the prime factors of 26969726.
2, 7, 59, 103, 317
List the prime factors of 1211554.
2, 19, 31883
List the prime factors of 6193933.
17, 364349
List the prime factors of 2752421.
7, 393203
What are the prime factors of 2295158?
2, 1147579
What are the prime factors of 85490?
2, 5, 83, 103
What are the prime factors of 436497?
3, 83, 1753
List the prime factors of 4326510.
2, 3, 5, 29, 4973
List the prime factors of 485993.
485993
List the prime factors of 1117489.
1117489
List the prime factors of 5699517.
3, 37, 51347
List the prime factors of 27573298.
2, 2003, 6883
What are the prime factors of 467028?
2, 3, 12973
List the prime factors of 8157901.
593, 13757
List the prime factors of 397700.
2, 5, 41, 97
List the prime factors of 477837.
3, 53093
List the prime factors of 7809.
3, 19, 137
What are the prime factors of 1560504?
2, 3, 11, 23, 257
List the prime factors of 265714.
2, 132857
List the prime factors of 332971.
23, 31, 467
List the prime factors of 455037.
3, 11, 13789
What are the prime factors of 15634133?
3803, 4111
What are the prime factors of 6145369?
6145369
List the prime factors of 764512.
2, 7, 3413
What are the prime factors of 3091627?
7, 11, 40151
What are the prime factors of 1208070?
2, 3, 5, 31, 433
List the prime factors of 1186932.
2, 3, 98911
List the prime factors of 2139723.
3, 19, 43, 97
What are the prime factors of 1795265?
5, 23, 67, 233
What are the prime factors of 196970?
2, 5, 19697
List the prime factors of 166047.
3, 7, 7907
List the prime factors of 9591377.
9591377
List the prime factors of 2998873.
83, 36131
List the prime factors of 1372908.
2, 3, 191, 599
What are the prime factors of 11660251?
127, 91813
What are the prime factors of 386551?
11, 35141
List the prime factors of 839827.
191, 4397
What are the prime factors of 4953383?
61, 81203
List the prime factors of 679382.
2, 11, 30881
List the prime factors of 517456.
2, 32341
List the prime factors of 359705.
5, 71941
List the prime factors of 3912074.
2, 17, 115061
What are the prime factors of 4654182?
2, 3, 13, 59669
What are the prime factors of 67558?
2, 17, 1987
What are the prime factors of 643981?
13, 49537
List the prime factors of 162266.
2, 13, 79
What are the prime factors of 27315618?
2, 3, 11, 109, 3797
List the prime factors of 3843453.
3, 19, 67429
List the prime factors of 9874193.
7, 1410599
What are the prime factors of 708627?
3, 236209
What are the prime factors of 3183065?
5, 636613
List the prime factors of 17947382.
2, 8973691
What are the prime factors of 1377114?
2, 3, 229519
What are the prime factors of 1223747?
7, 174821
List the prime factors of 4450059.
3, 18313
List the prime factors of 469796.
2, 257, 457
List the prime factors of 3195416.
2, 7, 43, 1327
List the prime factors of 202457.
193, 1049
List the prime factors of 113476.
2, 11, 2579
What are the prime factors of 1806699?
3, 602233
List the prime factors of 103880.
2, 5, 7, 53
What are the prime factors of 803039?
29, 27691
What are the prime factors of 10963274?
2, 7, 31, 25261
What are the prime factors of 213483?
3, 71161
What are the prime factors of 9324378?
2, 3, 7, 43, 1721
List the prime factors of 583633.
149, 3917
List the prime factors of 20377695.
3, 5, 13, 31, 3371
List the prime factors of 5016011.
7, 11, 13, 5011
What are the prime factors of 72798?
2, 3, 11, 1103
What are the prime factors of 670236?
2, 3, 7, 79, 101
What are the prime factors of 9997000?
2, 5, 13, 769
List the prime factors of 10385992.
2, 31, 41879
List the prime factors of 511582.
2, 179, 1429
List the prime factors of 5758686.
2, 3, 319927
What are the prime factors of 4107265?
5, 467, 1759
What are the prime factors of 99840?
2, 3, 5, 13
What are the prime factors of 252317?
13, 1493
What are the prime factors of 8460864?
2, 3, 37, 397
List the prime factors of 1637348.
2, 409337
What are the prime factors of 5394783?
3, 29, 59, 1051
List the prime factors of 791218.
2, 41, 9649
List the prime factors of 24220354.
2, 271, 44687
List the prime factors of 472482.
2, 3, 26249
List the prime factors of 141622.
2, 13, 419
What are the prime factors of 5616582?
2, 3, 936097
What are the prime factors of 5550660?
2, 3, 5, 19, 541
List the prime factors of 704710.
2, 5, 19, 3709
List the prime factors of 93566.
2, 11, 4253
What are the prime factors of 125045?
5, 89, 281
What are the prime factors of 28749448?
2, 7, 13, 17, 23, 101
List the prime factors of 11188987.
43, 260209
List the prime factors of 5169131.
11, 311, 1511
What are the prime factors of 8421006?
2, 3, 11, 127591
List the prime factors of 6664058.
2, 41, 181, 449
List the prime factors of 224150.
2, 5, 4483
What are the prime factors of 5883920?
2, 5, 7, 19, 79
List the prime factors of 217850.
2, 5, 4357
List the prime factors of 145848.
2, 3, 59, 103
What are the prime factors of 297581?
297581
List the prime factors of 1002179.
23, 43573
What are the prime factors of 4746203?
7, 11, 53, 1163
List the prime factors of 3539349.
3, 11, 17, 701
What are the prime factors of 303796?
2, 53, 1433
What are the prime factors of 727477?
31, 757
What are the prime factors of 778436?
2, 194609
List the prime factors of 29781014.
2, 14890507
List the prime factors of 6999798.
2, 3, 13, 43, 2087
List the prime factors of 3508325.
5, 140333
What are the prime factors of 6659415?
3, 5, 7, 29
What are the prime factors of 5118251?
5118251
List the p